ided by 738.
127
Calculate the remainder when 1504 is divided by 1471.
33
What is the remainder when 5413 is divided by 8?
5
What is the remainder when 38337 is divided by 45?
42
What is the remainder when 5728 is divided by 1909?
1
What is the remainder when 9524 is divided by 3139?
107
Calculate the remainder when 6946 is divided by 727.
403
Calculate the remainder when 1172 is divided by 191.
26
Calculate the remainder when 4865 is divided by 195.
185
What is the remainder when 5775409 is divided by 85?
84
What is the remainder when 238617 is divided by 27?
18
What is the remainder when 63813 is divided by 24?
21
What is the remainder when 2445752 is divided by 969?
965
Calculate the remainder when 68636 is divided by 43.
8
Calculate the remainder when 65737 is divided by 280.
217
Calculate the remainder when 4716 is divided by 901.
211
What is the remainder when 180724 is divided by 155?
149
Calculate the remainder when 25173 is divided by 366.
285
What is the remainder when 4676 is divided by 104?
100
What is the remainder when 2290 is divided by 278?
66
What is the remainder when 1309 is divided by 255?
34
What is the remainder when 3636 is divided by 894?
60
Calculate the remainder when 6203 is divided by 144.
11
Calculate the remainder when 25050 is divided by 130.
90
What is the remainder when 5586 is divided by 174?
18
Calculate the remainder when 182699 is divided by 725.
724
What is the remainder when 1215 is divided by 155?
130
Calculate the remainder when 406 is divided by 60.
46
What is the remainder when 8661 is divided by 152?
149
Calculate the remainder when 41777 is divided by 13923.
8
What is the remainder when 373739 is divided by 130?
119
What is the remainder when 358546 is divided by 119?
118
What is the remainder when 20253 is divided by 2380?
1213
What is the remainder when 89373 is divided by 59?
47
What is the remainder when 20389 is divided by 163?
14
Calculate the remainder when 2646 is divided by 2273.
373
What is the remainder when 4144 is divided by 3442?
702
What is the remainder when 4116 is divided by 4080?
36
What is the remainder when 286323 is divided by 44?
15
What is the remainder when 2162 is divided by 25?
12
What is the remainder when 558954 is divided by 186317?
3
What is the remainder when 8007 is divided by 2665?
12
What is the remainder when 140388 is divided by 101?
99
What is the remainder when 131981 is divided by 26396?
1
What is the remainder when 2577 is divided by 231?
36
Calculate the remainder when 1403 is divided by 382.
257
Calculate the remainder when 89847 is divided by 50.
47
Calculate the remainder when 44101 is divided by 37.
34
Calculate the remainder when 40971 is divided by 2046.
51
What is the remainder when 66782 is divided by 185?
182
What is the remainder when 570582 is divided by 1288?
1286
Calculate the remainder when 20018 is divided by 1034.
372
What is the remainder when 766054 is divided by 177?
175
Calculate the remainder when 7984 is divided by 1990.
24
Calculate the remainder when 20518 is divided by 639.
70
What is the remainder when 206295 is divided by 856?
855
Calculate the remainder when 104257 is divided by 38.
23
What is the remainder when 553765 is divided by 126?
121
Calculate the remainder when 69926 is divided by 77.
10
What is the remainder when 2804 is divided by 929?
17
What is the remainder when 88419 is divided by 85?
19
What is the remainder when 576 is divided by 110?
26
Calculate the remainder when 297684 is divided by 4.
0
What is the remainder when 60236 is divided by 912?
44
Calculate the remainder when 102526 is divided by 679.
676
Calculate the remainder when 6907 is divided by 187.
175
What is the remainder when 24849 is divided by 592?
577
Calculate the remainder when 269 is divided by 52.
9
Calculate the remainder when 969 is divided by 371.
227
What is the remainder when 12837 is divided by 828?
417
What is the remainder when 21359 is divided by 135?
29
What is the remainder when 1754 is divided by 860?
34
Calculate the remainder when 1415931 is divided by 6.
3
What is the remainder when 2983 is divided by 278?
203
Calculate the remainder when 30488 is divided by 154.
150
Calculate the remainder when 2084 is divided by 692.
8
What is the remainder when 143 is divided by 125?
18
What is the remainder when 3220 is divided by 115?
0
What is the remainder when 637 is divided by 123?
22
Calculate the remainder when 62552 is divided by 614.
538
Calculate the remainder when 780 is divided by 228.
96
What is the remainder when 20277 is divided by 6756?
9
Calculate the remainder when 737040 is divided by 77.
73
What is the remainder when 2828 is divided by 21?
14
Calculate the remainder when 5846 is divided by 136.
134
What is the remainder when 6442 is divided by 2102?
136
What is the remainder when 52 is divided by 36?
16
What is the remainder when 2184639 is divided by 320?
319
Calculate the remainder when 77650 is divided by 155.
150
What is the remainder when 1923039 is divided by 11?
8
Calculate the remainder when 25848 is divided by 2640.
2088
What is the remainder when 26603 is divided by 1564?
15
What is the remainder when 2793 is divided by 459?
39
Calculate the remainder when 115237 is divided by 8229.
31
What is the remainder when 6086 is divided by 866?
24
Calculate the remainder when 4215 is divided by 2535.
1680
Calculate the remainder when 722110 is divided by 20.
10
Calculate the remainder when 58056 is divided by 319.
317
Calculate the remainder when 21323 is divided by 167.
114
What is the remainder when 25607 is divided by 6352?
199
Calculate the remainder when 35394 is divided by 10.
4
Calculate the remainder when 13200 is divided by 13163.
37
What is the remainder when 38030 is divided by 73?
70
What is the remainder when 252773 is divided by 9?
8
Calculate the remainder when 4993 is divided by 43.
5
What is the remainder when 66186 is divided by 43?
9
What is the remainder when 9628 is divided by 499?
147
What is the remainder when 76148 is divided by 3621?
107
What is the remainder when 1002 is divided by 3?
0
What is the remainder when 17197 is divided by 103?
99
What is the remainder when 2787 is divided by 1366?
55
Calculate the remainder when 16986 is divided by 4219.
110
What is the remainder when 81057 is divided by 20?
17
Calculate the remainder when 4325 is divided by 223.
88
Calculate the remainder when 110617 is divided by 179.
174
Calculate the remainder when 65611 is divided by 1874.
21
Calculate the remainder when 53745 is divided by 17886.
87
What is the remainder when 2980 is divided by 424?
12
What is the remainder when 60600 is divided by 391?
386
Calculate the remainder when 32971 is divided by 235.
71
Calculate the remainder when 57073 is divided by 6341.
4
What is the remainder when 24365 is divided by 156?
29
Calculate the remainder when 7083 is divided by 662.
463
Calculate the remainder when 75916 is divided by 75916.
0
Calculate the remainder when 65553 is divided by 20.
13
What is the remainder when 1509 is divided by 53?
25
Calculate the remainder when 28740 is divided by 900.
840
What is the remainder when 2364 is divided by 168?
12
What is the remainder when 104346 is divided by 10?
6
Calculate the remainder when 146398 is divided by 400.
398
What is the remainder when 17534 is divided by 8765?
4
What is the remainder when 35838 is divided by 320?
318
Calculate the remainder when 934917 is divided by 53.
50
What is the remainder when 46859 is divided by 438?
431
What is the remainder when 106594 is divided by 846?
844
What is the remainder when 305762 is divided by 938?
912
Calculate the remainder when 2579 is divided by 375.
329
What is the remainder when 23122 is divided by 94?
92
What is the remainder when 26346 is divided by 8779?
9
Calculate the remainder when 1537 is divided by 359.
101
Calculate the remainder when 1035 is divided by 695.
340
What is the remainder when 2341 is divided by 478?
429
What is the remainder when 30550 is divided by 65?
0
What is the remainder when 354510 is divided by 177255?
0
What is the remainder when 17580 is divided by 123?
114
Calculate the remainder when 14319 is divided by 93.
90
Calculate the remainder when 1726 is divided by 79.
67
What is the rem